 remainder when 7517 is divided by 1?
0
Calculate the remainder when 20556 is divided by 48.
12
Calculate the remainder when 215 is divided by 94.
27
Calculate the remainder when 50623 is divided by 3159.
79
Calculate the remainder when 3666 is divided by 36.
30
What is the remainder when 27731 is divided by 40?
11
Calculate the remainder when 169392 is divided by 47.
4
What is the remainder when 80333 is divided by 245?
218
What is the remainder when 3880798 is divided by 2205?
2203
Calculate the remainder when 270808 is divided by 496.
488
Calculate the remainder when 24174 is divided by 192.
174
Calculate the remainder when 264853 is divided by 805.
8
What is the remainder when 38367 is divided by 307?
299
Calculate the remainder when 22976 is divided by 63.
44
Calculate the remainder when 10297 is divided by 569.
55
What is the remainder when 7482 is divided by 3582?
318
What is the remainder when 116417 is divided by 297?
290
Calculate the remainder when 2035 is divided by 22.
11
Calculate the remainder when 4451 is divided by 1480.
11
What is the remainder when 2037 is divided by 1997?
40
What is the remainder when 1587751 is divided by 356?
347
Calculate the remainder when 201825 is divided by 139.
136
What is the remainder when 10389238 is divided by 45?
43
Calculate the remainder when 2441654 is divided by 435.
434
Calculate the remainder when 1132 is divided by 63.
61
Calculate the remainder when 852666 is divided by 65.
61
Calculate the remainder when 1266898 is divided by 164.
162
What is the remainder when 75550 is divided by 37?
33
Calculate the remainder when 288 is divided by 18.
0
Calculate the remainder when 10883 is divided by 286.
15
Calculate the remainder when 6978 is divided by 128.
66
Calculate the remainder when 15162 is divided by 2137.
203
Calculate the remainder when 14569 is divided by 265.
259
What is the remainder when 88759 is divided by 675?
334
What is the remainder when 95520 is divided by 51?
48
What is the remainder when 2605 is divided by 28?
1
What is the remainder when 1919 is divided by 513?
380
Calculate the remainder when 22124 is divided by 44.
36
What is the remainder when 386151 is divided by 47?
46
What is the remainder when 245496 is divided by 59?
56
What is the remainder when 51149 is divided by 18?
11
What is the remainder when 4488 is divided by 1061?
244
Calculate the remainder when 172166 is divided by 24.
14
What is the remainder when 4149 is divided by 515?
29
Calculate the remainder when 88 is divided by 33.
22
Calculate the remainder when 501 is divided by 188.
125
Calculate the remainder when 15476 is divided by 7617.
242
What is the remainder when 3596 is divided by 757?
568
Calculate the remainder when 5794 is divided by 1413.
142
What is the remainder when 9489 is divided by 9477?
12
Calculate the remainder when 1973148 is divided by 313.
309
What is the remainder when 225673 is divided by 892?
889
Calculate the remainder when 13821 is divided by 397.
323
Calculate the remainder when 5494 is divided by 131.
123
What is the remainder when 9583 is divided by 24?
7
Calculate the remainder when 128812 is divided by 20.
12
Calculate the remainder when 5984581 is divided by 1448.
1445
What is the remainder when 7224 is divided by 485?
434
What is the remainder when 14777 is divided by 6323?
2131
What is the remainder when 10889 is divided by 2?
1
Calculate the remainder when 2398 is divided by 40.
38
What is the remainder when 289546 is divided by 289542?
4
Calculate the remainder when 22753 is divided by 11197.
359
Calculate the remainder when 13793 is divided by 8.
1
What is the remainder when 2444 is divided by 496?
460
What is the remainder when 1438 is divided by 155?
43
What is the remainder when 1329234 is divided by 70?
4
What is the remainder when 39238 is divided by 90?
88
Calculate the remainder when 28472 is divided by 17.
14
What is the remainder when 22429 is divided by 1369?
525
Calculate the remainder when 221997 is divided by 50.
47
What is the remainder when 49772 is divided by 1106?
2
What is the remainder when 38704 is divided by 12896?
16
What is the remainder when 12413 is divided by 20?
13
Calculate the remainder when 5192 is divided by 25.
17
Calculate the remainder when 730633 is divided by 12818.
7
What is the remainder when 1570 is divided by 811?
759
What is the remainder when 6912 is divided by 28?
24
Calculate the remainder when 12077 is divided by 285.
107
What is the remainder when 116015 is divided by 33?
20
Calculate the remainder when 5734778 is divided by 334.
332
Calculate the remainder when 1977 is divided by 78.
27
Calculate the remainder when 2489 is divided by 162.
59
What is the remainder when 593893 is divided by 137?
135
Calculate the remainder when 299 is divided by 60.
59
What is the remainder when 45752 is divided by 1694?
14
What is the remainder when 229970 is divided by 38327?
8
Calculate the remainder when 24844 is divided by 566.
506
What is the remainder when 18032 is divided by 532?
476
Calculate the remainder when 1554 is divided by 8.
2
Calculate the remainder when 89461 is divided by 1226.
1189
What is the remainder when 13462 is divided by 4365?
367
What is the remainder when 44701 is divided by 191?
7
Calculate the remainder when 5386 is divided by 3273.
2113
Calculate the remainder when 161037 is divided by 193.
75
What is the remainder when 12258 is divided by 1751?
1
What is the remainder when 25220 is divided by 21?
20
What is the remainder when 1007 is divided by 960?
47
What is the remainder when 3182 is divided by 718?
310
Calculate the remainder when 584 is divided by 24.
8
What is the remainder when 21413 is divided by 7133?
14
What is the remainder when 32001 is divided by 21?
18
Calculate the remainder when 234854 is divided by 7116.
26
What is the remainder when 2541357 is divided by 10?
7
What is the remainder when 66719 is divided by 48?
47
Calculate the remainder when 39128 is divided by 57.
26
What is the remainder when 551149 is divided by 532?
529
What is the remainder when 13294 is divided by 168?
22
Calculate the remainder when 16994 is divided by 8450.
94
What is the remainder when 2679 is divided by 696?
591
What is the remainder when 7438 is divided by 3710?
18
What is the remainder when 433 is divided by 130?
43
Calculate the remainder when 17120 is divided by 87.
68
Calculate the remainder when 38031 is divided by 60.
51
Calculate the remainder when 6201 is divided by 2059.
24
What is the remainder when 3890 is divided by 180?
110
What is the remainder when 65759 is divided by 21916?
11
What is the remainder when 13709 is divided by 4499?
212
What is the remainder when 14144 is divided by 100?
44
What is the remainder when 553 is divided by 542?
11
What is the remainder when 539 is divided by 87?
17
Calculate the remainder when 860 is divided by 253.
101
What is the remainder when 1860315 is divided by 1086?
1083
Calculate the remainder when 131215 is divided by 185.
50
Calculate the remainder when 2051 is divided by 112.
35
Calculate the remainder when 47556 is divided by 137.
17
What is the remainder when 2297 is divided by 719?
140
Calculate the remainder when 193591 is divided by 11386.
29
Calculate the remainder when 114 is divided by 54.
6
What is the remainder when 187793 is divided by 19?
16
Calculate the remainder when 46063 is divided by 249.
247
What is the remainder when 1501 is divided by 1167?
334
Calculate the remainder when 116546 is divided by 376.
362
Calculate the remainder when 87598 is divided by 18.
10
What is the remainder when 175660 is divided by 18?
16
Calculate the remainder when 74237 is divided by 10.
7
Calculate the remainder when 3647 is divided by 1152.
191
What is the remainder when 14200 is divided by 330?
10
Calculate the remainder when 57057 is divided by 62.
17
Calculate the remainder when 65254 is divided by 435.
4
Calculate the remainder when 4906 is divided by 820.
806
What is the remainder when 27373 is divided by 234?
229
Calculate the remainder when 5538 is divided by 10.
8
What is the remainder when 34913 is divided by 21?
11
What is the remainder when 12313 is divided by 4094?
31
What is the remainder when 9259 is divided by 2891?
586
What is the remainder 